e the prime factors of 156521826?
2, 3, 53, 191, 859
List the prime factors of 37373594.
2, 18686797
What are the prime factors of 1386262110?
2, 3, 5, 17, 293, 9277
What are the prime factors of 1270163410?
2, 5, 197, 644753
What are the prime factors of 1879334665?
5, 13, 61, 473981
List the prime factors of 426709151.
11, 1471, 26371
What are the prime factors of 345893685?
3, 5, 991, 23269
What are the prime factors of 16094893?
461, 34913
What are the prime factors of 18188795?
5, 19, 191461
List the prime factors of 1237791354.
2, 3, 206298559
List the prime factors of 231767307.
3, 17, 89107
What are the prime factors of 22567490?
2, 5, 11, 193, 1063
List the prime factors of 96612935.
5, 19322587
List the prime factors of 456392852.
2, 114098213
What are the prime factors of 330617713?
389, 849917
What are the prime factors of 1087117236?
2, 3, 30197701
List the prime factors of 2309332183.
2309332183
What are the prime factors of 14453874?
2, 3, 31, 25903
What are the prime factors of 496019190?
2, 3, 5, 29, 43, 13259
List the prime factors of 3428511592.
2, 11, 491, 79349
List the prime factors of 4266612347.
271, 373, 42209
List the prime factors of 67974296.
2, 13, 17, 38447
What are the prime factors of 36611323?
7, 5230189
What are the prime factors of 996417708?
2, 3, 11, 13, 580663
List the prime factors of 43911933.
3, 13, 37, 30431
List the prime factors of 207609286.
2, 2287, 45389
What are the prime factors of 101626469?
7, 29, 79, 6337
What are the prime factors of 1506332602?
2, 753166301
List the prime factors of 104113325.
5, 101, 41233
What are the prime factors of 198688449?
3, 2969, 22307
List the prime factors of 169243939.
169243939
What are the prime factors of 2772140447?
521, 1091, 4877
List the prime factors of 8664467119.
7, 11, 37, 3041231
What are the prime factors of 35356337?
31, 701, 1627
List the prime factors of 9037848.
2, 3, 376577
What are the prime factors of 1014250580?
2, 5, 7, 7244647
List the prime factors of 68890390.
2, 5, 19, 362581
List the prime factors of 365884955.
5, 73176991
What are the prime factors of 31532749?
31532749
What are the prime factors of 88437559?
7, 29, 435653
What are the prime factors of 34931982?
2, 3, 53, 109849
What are the prime factors of 46326582?
2, 3, 347, 7417
What are the prime factors of 337422860?
2, 5, 16871143
What are the prime factors of 7038114128?
2, 71, 1657, 3739
List the prime factors of 39677902.
2, 11, 1803541
List the prime factors of 347491574.
2, 173745787
List the prime factors of 11554820.
2, 5, 67, 8623
List the prime factors of 66786039.
3, 827, 997
List the prime factors of 26669589.
3, 29, 43, 7129
List the prime factors of 1499674997.
19, 78930263
List the prime factors of 320560409.
13, 137, 179989
List the prime factors of 1037808294.
2, 3, 347, 498467
List the prime factors of 2246784443.
43, 3733, 13997
List the prime factors of 451887733.
11, 701, 58603
List the prime factors of 372758079.
3, 23, 487, 11093
List the prime factors of 28211326.
2, 11, 13, 98641
List the prime factors of 47301910.
2, 5, 37, 127843
What are the prime factors of 3226788929?
7, 13, 41, 43, 20113
What are the prime factors of 616600013?
17, 31, 1170019
List the prime factors of 1446038467.
3637, 397591
What are the prime factors of 3762767964?
2, 3, 17, 18444941
What are the prime factors of 64110169?
251, 255419
List the prime factors of 199354717.
3851, 51767
What are the prime factors of 136899488?
2, 11, 29, 13411
List the prime factors of 16455920.
2, 5, 13, 15823
List the prime factors of 47771892.
2, 3, 7, 293, 647
What are the prime factors of 471470858?
2, 3083, 76463
List the prime factors of 41481929.
379, 109451
List the prime factors of 812676443.
59, 13774177
What are the prime factors of 618112001?
13, 47547077
List the prime factors of 58005113.
109, 433, 1229
List the prime factors of 209586602.
2, 104793301
What are the prime factors of 245426650?
2, 5, 7, 701219
What are the prime factors of 3519507143?
283, 2393, 5197
List the prime factors of 481682063.
17, 41, 691079
List the prime factors of 854720871.
3, 19, 23, 31, 21031
List the prime factors of 869423170.
2, 5, 7, 11, 161303
What are the prime factors of 47553392?
2, 443, 6709
List the prime factors of 4495774340.
2, 5, 151, 1488667
What are the prime factors of 43844396?
2, 1627, 6737
What are the prime factors of 9585398?
2, 181, 26479
List the prime factors of 132148352.
2, 7, 147487
List the prime factors of 650325604.
2, 571, 284731
What are the prime factors of 94736794?
2, 29, 67, 24379
List the prime factors of 216948049.
2113, 102673
List the prime factors of 245638758.
2, 3, 23, 29, 61379
What are the prime factors of 222220742?
2, 37, 227, 13229
What are the prime factors of 195691250?
2, 5, 17, 9209
List the prime factors of 133916931.
3, 31, 83, 5783
List the prime factors of 276092833.
4903, 56311
What are the prime factors of 2983152924?
2, 3, 3593, 23063
List the prime factors of 1418918279.
53, 2819, 9497
List the prime factors of 89156892.
2, 3, 11, 19, 1871
List the prime factors of 1483676844.
2, 3, 13, 9510749
What are the prime factors of 329243436?
2, 3, 23, 31, 101, 127
What are the prime factors of 306576973?
233, 1315781
List the prime factors of 94199281.
11, 8563571
What are the prime factors of 9010518?
2, 3, 11, 136523
List the prime factors of 33759995.
5, 263, 25673
List the prime factors of 216494387.
137, 1580251
What are the prime factors of 3666764798?
2, 113, 3371, 4813
What are the prime factors of 654387290?
2, 5, 17, 53, 59, 1231
What are the prime factors of 306488480?
2, 5, 59, 32467
What are the prime factors of 7350591?
3, 181, 13537
What are the prime factors of 1609605526?
2, 17, 223, 212293
What are the prime factors of 93616819?
19, 4927201
List the prime factors of 186840147.
3, 13, 368521
List the prime factors of 863496628.
2, 215874157
What are the prime factors of 562753768?
2, 3853, 18257
What are the prime factors of 2901252588?
2, 3, 13, 18597773
List the prime factors of 253115156.
2, 7, 9039827
What are the prime factors of 308326052?
2, 77081513
What are the prime factors of 1788927687?
3, 22085527
List the prime factors of 96430618.
2, 1489, 32381
What are the prime factors of 587842661?
7, 1201, 1427
What are the prime factors of 5229602974?
2, 79, 33098753
What are the prime factors of 2630564667?
3, 47, 230327
List the prime factors of 66321991.
2503, 26497
What are the prime factors of 51008573?
7, 11, 662449
List the prime factors of 1958384977.
71, 27582887
List the prime factors of 3341455555.
5, 668291111
List the prime factors of 4325485.
5, 37, 103, 227
List the prime factors of 1287894627.
3, 2659, 17939
What are the prime factors of 2260850880?
2, 3, 5, 73, 32261
What are the prime factors of 1271947181?
43, 953, 31039
What are the prime factors of 169603443?
3, 19, 330611
What are the prime factors of 2640672396?
2, 3, 73352011
What are the prime factors of 201806716?
2, 1229, 41051
List the prime factors of 686176137.
3, 37, 686863
List the prime factors of 3107557309.
2069, 1501961
List the prime factors of 70357552.
2, 23, 191189
What are the prime factors of 462369185?
5, 29, 31, 3547
What are the prime factors of 159439836?
2, 3, 113, 307, 383
What are the prime factors of 968517701?
968517701
What are the prime factors of 1437880667?
461, 659, 4733
What are the prime factors of 3183724973?
11, 13, 107, 208073
List the prime factors of 105061470.
2, 3, 5, 23, 43, 3541
List the prime factors of 423443126.
2, 3823, 55381
List the prime factors of 38536439.
1171, 32909
What are the prime factors of 54317949?
3, 7, 2586569
List the prime factors of 217354978.
2, 47, 223, 10369
List the prime factors of 229698508.
2, 13, 4417279
List the prime factors of 722062530.
2, 3, 5, 7, 163733
What are the prime factors of 314899938?
2, 3, 499, 35059
List the prime factors of 71401424.
2, 4462589
What are the prime factors of 70406068?
2, 17601517
List the prime factors of 1169478700.
2, 5, 13, 23, 39113
List the prime factors of 675855766.
2, 151, 2237933
What are the prime factors of 33425383?
17, 797, 2467
List the prime factors of 2547660489.
3, 11, 613, 125941
What are the prime factors of 3813956306?
2, 10